ulate r(j).
6
Let a(t) be the third derivative of t**4/12 - 2*t**3 - 4*t**2. Let n be ((-21)/(-27))/((-2)/(-18)). Calculate a(n).
2
Let j(m) = m**3 + m**2 - 12*m - 23. Let b(c) = c**2 + 154*c + 450. Let u be b(-3). Determine j(u).
-5
Let y(f) = f**2 + 7. Let q be (22 - 19)*(11/3 + -2). Let p be 5*q*4/20. Suppose 0 = -6*t - 4*t + p*t. Give y(t).
7
Suppose -23*r = -28*r + 3*r + 10. Let x(h) = -5*h + 4 + 3*h + h**3 + 3*h - 7*h**2 + 2*h. What is x(r)?
-31
Let u be ((-2)/6)/1*-9. Let p(v) = -2*v - 10. Let j(f) = f + 1. Let r(t) = u*j(t) + p(t). Let y(g) = g**3 - 19*g - 4. Let m be y(-4). Give r(m).
1
Let h(s) = -s**2 - 35*s - 291. Let l be h(-21). Let j(a) = 12*a + 7. Calculate j(l).
43
Suppose -57 = -10*c - 17. Suppose -20*i = -24*i + 16, 32 = -3*y - c*i. Let u(o) = -o**3 - 15*o**2 + 15*o - 16. What is u(y)?
0
Let t(o) be the second derivative of o**3/6 + 15*o**2/2 - o + 74. Calculate t(-3).
12
Let u(y) = -14*y + 34. Suppose -4*l = -15*l - 7*l + 36. Determine u(l).
6
Let y = 73 + -58. Suppose 3*g + 4 = -3*b + 25, -3*b + y = g. Let h(j) = -3 - g - 1 - j. Calculate h(-6).
-1
Let g(l) be the second derivative of -l**5/120 - l**4/2 - 71*l**3/3 + 117*l. Let y(u) be the second derivative of g(u). Calculate y(-6).
-6
Let z(k) = -k**2 + 1. Let b(i) = 8*i**2 - 3*i - 8. Let h(o) = -7*o**2 + o + 8. Let l(u) = 2*b(u) + 3*h(u). Let w(a) = l(a) - 6*z(a). Calculate w(4).
6
Let r(d) = -d**3 + d**2 + d + 2. Suppose -c + 0*c = 14. Let f(t) = -147*t - 574. Let v be f(-4). Let o = v + c. Calculate r(o).
2
Let p(n) = -n**2 - 12*n - 1. Suppose -54*g - 186 = 84. Give p(g).
34
Suppose 0 = -189*v + 287*v + 784. Let i(y) = -13*y - 84. Give i(v).
20
Let n(h) = -h**3 + 6*h**2 - h + 3. Suppose -5*g + 72 = -t, -t = -4 + 6. Suppose -104 = -12*x - g*x. What is n(x)?
31
Let p(l) = 5*l**2. Let r be p(-1). Let v(d) = d**3 + r*d + 1 + 4*d**2 - 4 - 9*d. Let j(z) = z**3 - 7*z**2 - 44*z - 5. Let k be j(11). Calculate v(k).
-8
Let s(p) = 2020*p**2 + 7*p - 4. Let c be s(3). Let j(u) = 18199*u + 1 - c*u - 4. What is j(6)?
9
Let p(c) = 8*c - 5. Suppose 68 = -8*z + 228. Suppose 5*s - z = -0*s. Give p(s).
27
Let r(q) = 10 - 196*q**2 + 102*q**2 + 14*q + 95*q**2. What is r(-14)?
10
Let p(h) be the third derivative of h**5/60 - 19*h**4/24 + 46*h**3/3 - 5273*h**2. Give p(11).
4
Let a(h) = -3*h**2 - h + 63. Let k(u) = 4*u**2 + u - 62. Let f(r) = -3*a(r) - 2*k(r). Let w be f(7). Let d(p) = -p - 3. Calculate d(w).
6
Suppose r - 3*d = 2*d + 19, 2*r - 5 = -d. Suppose 8*u + r*u - 96 = 0. Let b(l) = 558 + 3*l + 561 - 1123 - 2*l. Calculate b(u).
4
Let j(c) = 3*c - 4. Let s be (-45)/10 + 2 + 5/(-10). Let i(y) = 4*y + 8. Let t be i(s). Determine j(t).
-16
Let c be 8/28 - 36/(-21). Let w be -4 - (c*(4 - 2) - 6). Let m(j) = 2*j**3 - j + 3 - 5 - 3*j**2 + 0*j + 6*j**2. Determine m(w).
-4
Let m(o) = 3*o - 12. Suppose -3*g - 18 = 0, -19*j + 5*g = -16*j - 78. Give m(j).
36
Suppose -3*y + 245*v - 249*v - 13 = 0, 0 = -3*v - 21. Let s(l) be the third derivative of 21*l**2 + 0*l + 0 + 1/3*l**3 + 1/60*l**y - 1/8*l**4. What is s(2)?
0
Let u(x) = -2*x**3 + 3*x**2 - 2*x + 9. Suppose 123*t - 3*t - 24*t - 384 = 0. Calculate u(t).
-79
Suppose 208*k + 1386 = -194*k + 369*k. Let i(z) = -17*z - 710. Determine i(k).
4
Let x(d) = 5*d**3 - 9*d**2 - 10. Let i(a) = 15*a**3 - 24 - 11 - 27*a**2 - a**3 + 6. Let m(r) = 6*i(r) - 17*x(r). Let n = 150 + -159. Determine m(n).
-4
Let g(r) = 1038 + r**2 - 10*r - 1010 - 2*r - r. Give g(12).
16
Let r(n) = n**3 + 6*n**2 - 10*n - 11. Let z = -12 - -5. Let i be r(z). Suppose g + 5 - i = 0. Let a(v) = v**2 - 6*v + 3. Give a(g).
-2
Let f(i) be the third derivative of 13*i**4/24 - 83*i**3/6 - 921*i**2. Determine f(6).
-5
Let h(q) = q**2 - 38*q - 868. Let j be h(54). Let y(i) = -14*i - 79. Calculate y(j).
-23
Let k(c) = 7*c**3 + 19*c**2 - 5*c + 5. Let u(d) = 4*d**3 + 10*d**2 - 2*d + 3. Let h(j) = 3*k(j) - 5*u(j). Suppose -11*r = 19 + 69. Calculate h(r).
-24
Let p(w) be the first derivative of 2*w**2 - 17*w + 2204. Give p(11).
27
Suppose -333*i + 328*i + 15 = 0. Let j(c) = -c**2 - 151 + 0*c**i + c**3 + 141. Give j(0).
-10
Suppose 5*b - 5*d - 14 = 11, 4*b = -5*d + 56. Suppose -b*v + 102 = 120. Let o(a) be the second derivative of -a**4/12 - a**3/2 - a**2/2 + a. Determine o(v).
1
Let g = -171 - -166. Let m(y) = 10*y**2 + 2*y - 13. Let o(v) be the first derivative of 7*v**3/3 + v**2/2 - 9*v + 3. Let z(p) = 5*m(p) - 7*o(p). Give z(g).
8
Let t(y) be the second derivative of -y**4/12 - 2*y**3 - 19*y**2 - y - 1362. Determine t(-8).
-6
Let k = -226 + 228. Suppose k*r - 25 = -3*r. Let c(m) = m**2 - 2*m - 1. Give c(r).
14
Let a(u) = -27*u**2 + 2*u + 1. Suppose 11*b - 6492 + 970 = 0. Suppose 11*h - 1239 = -b. Let k = 66 - h. Calculate a(k).
-28
Let c = -159 + 164. Let n(q) = 545*q**2 - 550*q**2 - c + 1 - q**3 + 2*q. What is n(-5)?
-14
Let a(f) = -f**3 + 3*f**2 + f + 1. Suppose 1307 = 7*y - 380. Let u = -237 + y. Determine a(u).
-11
Let o be -4 + 50/(-5) + 16. Let z(x) be the first derivative of 5/2*x**o - 1 + 0*x. What is z(2)?
10
Let w(l) = -2*l**2 - 2*l - 3. Let r(j) = -2*j**3 + 15*j**2 + 27*j. Let f be r(9). Give w(f).
-3
Let l(h) be the first derivative of -h**3/2 + 6*h**2 - 78*h - 19. Let s(f) be the first derivative of l(f). Give s(9).
-15
Let r(b) = -b**2 - 79*b - 2. Let o(n) = 12*n. Let s(w) = 6*o(w) + r(w). Calculate s(-5).
8
Let o(w) = -8*w + 9. Suppose 109*b = 116*b - 14. Calculate o(b).
-7
Let x(q) = -2*q**2 - 9*q - 14. Suppose -6*w + 5*w = -4*a - 11, 3*a + 11 = -2*w. Let g be x(a). Let z(v) = v**3 + 5*v**2 - v + 2. Calculate z(g).
7
Let u(z) = -z**3 + 11*z**2 - 26*z - 12. Let t be u(7). Suppose 0 = -4*g - w + 1 - 7, 0 = 4*g - t*w. Let i(c) = 18*c**2 + c. Determine i(g).
17
Let k be (-12 - -4 - -16)*2/16*-6. Let c(d) = -2*d + 12. Determine c(k).
24
Suppose 3*z - 6 + 3 = 0. Let b = 1 + z. Let a(k) = -3 + k**3 - 53*k**b + 56*k**2 + k + 5. What is a(-3)?
-1
Let g(j) = -5*j. Suppose 7*m - 20*m = 0. Suppose -q + 35 + 98 = m. Let h = q + -132. Determine g(h).
-5
Suppose 30*h - 30 = 15*h. Let y(i) = -h*i - 1227 + 1226 + i. Determine y(5).
-6
Suppose 0 = -2*q + 10 - 0. Let l(a) = 7*a - 10*a - 2907679 + 2907680 + a**2. Give l(q).
11
Let n be (-57)/38 + (-11)/(-2). Let i(o) = n*o + 4 - 2*o - o + o. Calculate i(7).
18
Let b = 8365 - 8371. Let y(r) = 4*r**3 + 8*r**2 - 6*r - 5. Let m(f) = -3*f**3 - 7*f**2 + 6*f + 5. Let v(z) = 3*m(z) + 2*y(z). What is v(b)?
5
Let j(i) = -i**2 - 26*i - 53. Let d = 3072 + -3096. Calculate j(d).
-5
Let g be (-8)/22 + 100/75*(-1170)/(-55). Let r(p) = -p**2 + 24*p + 20. Determine r(g).
-92
Let b(k) = -k - 4. Suppose -51 = 4*x + y, -5*y - 28 + 72 = -3*x. Determine b(x).
9
Let q(d) be the second derivative of d**5/20 - d**4/2 + 3*d**3/2 + 3*d**2/2 + 3162*d. Determine q(4).
7
Let s(g) = -57*g - 1860. Let w be s(-33). Let x(k) = -k**3 + 23*k**2 - 40*k - 43. Determine x(w).
-1
Let r(x) = x**2 + 10*x + 16. Suppose 3*c + z - 41 = 0, 3*z + 2*z - 10 = -2*c. Suppose -19*h + c*h - 28 = 0. Determine r(h).
-5
Let u(b) = -47*b + 41. Let v(d) = -11*d - 7 + 4 - 1 + 14. Let a(s) = 2*u(s) - 9*v(s). Calculate a(6).
22
Let o(l) = -l**3 - 3*l**2 + l. Suppose 0 = 5*x - 5*v + 3*v - 86, 3*x = -3*v + 60. Let i be ((-16)/5)/(x/90). Let q be 4/1 - 4/(i/(-28)). Give o(q).
-3
Let i(w) = 7*w**2 + 9*w + 4. Let a = -120 - -116. Let r(k) = -19*k**2 - 26*k - 13. Let p(n) = a*r(n) - 11*i(n). What is p(8)?
-16
Let t = -451 + 447. Let m be (208/(-24))/(t/(-18)*-3). Let k(n) = -n + 7. Give k(m).
-6
Let u = 7 - 4. Let d(x) = 2*x - 5*x + 4*x + u + 3*x. Suppose -142 = 21*g - 79. Give d(g).
-9
Let z(x) = 2*x**2 - 59*x - 2076. Let m be z(50). Let a(l) = 4*l**2 + 106*l + 47. Calculate a(m).
-5
Let i(m) = 30*m - 11. Let g be (-62304)/29854 + ((-8)/(-46))/2. Determine i(g).
-71
Let q(f) be the second derivative of 3/2*f**2 + 0 - 1/3*f**3 - 14*f. Let o be 4/(-3)*(-228)/(-38). Calculate q(o).
19
Let v(q) = -3*q**3 - q**2 - 3*q - 1. Let d(f) = 10*f**3 - 7*f**2 + 18*f - 14. Let z(c) = -d(c) - 3*v(c). Calculate z(9).
17
Let r(m) be the first derivative of -22 - 1/4*m**4 - 1/3*m**3 + 1/2*m**2 + m. Give r(2).
-9
Let v(u) = -20*u + 10*u + 12*u - 6. Suppose 1 = -9*q + 55. Let j be (-4)/q*2/(12/(-45)). Give v(j).
4
Let p(s) = 2*s - 10. Let w be p(7). Let o = -616 + 627. Let z(u) = -30*u**2 - 4*u + 5. Let k(m) = -11*m**2 - m + 2. Let 